ber?
False
Suppose 0 = 3*r + 5*m - 8588, -2 = -4*m + 2. Is r a prime number?
True
Let x(t) = 3*t + 9. Let o(j) = 2*j + 5. Let z(s) = 5*o(s) - 3*x(s). Let b(u) = -u**2 - 10*u - 4. Let h be b(-9). Is z(h) prime?
True
Suppose n + 2*g - 1717 = -268, 4*n - 5826 = -2*g. Is n composite?
False
Let q(s) be the second derivative of 27*s**8/2240 + s**7/1260 - s**6/720 - s**5/120 - 5*s**4/12 - s. Let u(o) be the third derivative of q(o). Is u(2) prime?
True
Let h(d) = -d**3 + d - 1. Let i(t) = 3*t**3 + 8*t**2 - 12*t + 6. Let s(k) = 4*h(k) + i(k). Let q be s(7). Is (2 - q/(-3))*18 a composite number?
True
Suppose 9*n + 4*n - 26507 = 0. Is n a composite number?
False
Let u = 67149 - 47632. Is u prime?
False
Let p be (-1)/((-8)/9268)*(-2)/(-1). Suppose 0 = 2*y - 9*y + p. Is y composite?
False
Let j be (14/(-21))/((-1)/6). Suppose s - 4*s = 5*k - 47, 5*s - j*k - 29 = 0. Is (-9)/(s/2) - -451 prime?
True
Is 8969 - 51 - 18/(-2) composite?
True
Suppose 80 = 4*k - 4*o - 0*o, 75 = 4*k - 3*o. Let j be (-473)/(-165) + 2/k. Is (4/j)/(8/1956) composite?
True
Suppose m = -3, -k + 86 = 2*m + 23. Let x = 838 + k. Is x a composite number?
False
Let a(y) be the third derivative of 5/12*y**5 + 8*y**2 + 0 + 0*y + 1/3*y**4 - y**3. Is a(5) a composite number?
False
Let p(c) = 248*c. Let s be p(13). Suppose 1231 = 4*i + h - s, 0 = -i + 4*h + 1135. Is i prime?
False
Let i = 23 - 23. Suppose -5*r - 5*j + 2270 - 370 = i, -2*r + 2*j = -764. Is r a prime number?
False
Let g(q) = 28*q**2 - 9*q + 45. Is g(-13) a composite number?
True
Suppose -w = 4, -4*b + 5210 = -w - 48286. Is b composite?
True
Let f = 402 - -595. Is f a composite number?
False
Let m be 1/(-1 + 4/3). Let w(a) = 5*a**3 + a**2 + a - 1. Let k be w(1). Is -6*(m + (-76)/k) composite?
True
Suppose 12*z - 17*z = 10. Let h be (z + -2)/(-7 + 6). Suppose h*q - 310 = 102. Is q composite?
False
Let t = 17999 + -11400. Is t composite?
False
Let i be (12/(-2))/(3/9). Let s = i + 11. Let j(b) = -b**3 - 6*b**2 + b - 5. Is j(s) composite?
False
Suppose 5*i - 745 = 5*m + 4*i, 4*m + 5*i + 567 = 0. Suppose 3*n - 31 = -76*x + 78*x, x - 2*n + 16 = 0. Is m/16*2*x composite?
True
Let o(w) = 6023*w - 22. Is o(9) prime?
False
Let x(w) = 24*w + 1. Let c(r) = -r - 87 + 75 + 16*r**2 + r**3 + 0*r. Let l be c(-16). Is x(l) a composite number?
False
Suppose 2*m = -m - 15. Let i(l) = -l**3 + 2*l**2 - 7*l - 4. Is i(m) prime?
False
Let i be 24/(-12)*(-38)/(-2). Suppose 0*j + 199 = -j. Let g = i - j. Is g a composite number?
True
Suppose 159199 = 21*b - 265946. Is b prime?
False
Let z(f) = f**2 + 9*f + 13. Suppose -5*n = -3*n + 34. Is z(n) prime?
True
Let b(z) = 562*z + 33. Is b(7) a composite number?
False
Let k = 5 - 1. Suppose -1097*p + 1106*p = 45. Suppose 0 = p*y - 25, y = -k*s + 6*y + 1755. Is s a composite number?
True
Let u be -4 - -1 - (-60)/(-4). Is (1198/(-10))/(u/90) a prime number?
True
Suppose 588*z = 577*z + 55429. Is z composite?
False
Let p = 366 - -1603. Is p prime?
False
Let r = 23372 - 12954. Is r a composite number?
True
Let a(s) = -270*s - 3. Let m(f) = -f**2 + 2*f. Let l be m(2). Suppose 2*p = l, 0 = 4*w - 2*w + p + 4. Is a(w) composite?
True
Is (-5*(-11)/(-165))/(1/(-14073)) a prime number?
True
Let y(s) = 15*s - 33. Let q be y(5). Suppose -603 = -5*g + 2*c + q, 5*c - 610 = -5*g. Is g prime?
True
Suppose l - 28820 = -9*l. Suppose 2*n + 2*z = l, 5*z - 8 = 3*z. Is n prime?
False
Let b(g) = -601*g + 181. Is b(-36) a prime number?
True
Is -4 + 2483 + 0/(-7) a composite number?
True
Let u = 2 - 0. Suppose -5*o - 17 = -u. Is 6/(-3)*-37 + o prime?
True
Let u = 3364 + -2003. Is u a composite number?
False
Suppose 3*x - 2*h - 4 = 0, -2*x + 6*h = 2*h - 8. Suppose x = n - 2*n + 491. Is n a prime number?
True
Suppose -67 = -l - 2*h, -5*l + h - 176 + 511 = 0. Suppose -5*n + 3*k = l, -n + 5*k = -0*n + 9. Let r = 0 - n. Is r prime?
False
Suppose -3*n - 593 = -4*r + 705, -4*r - 3*n + 1310 = 0. Is (r/4)/((-14)/(-84)) a prime number?
False
Suppose 0*r - 4*r + 710 = 2*z, -5*r = 20. Let b = z + -250. Is b a prime number?
True
Suppose -4*q + 14*q = 30. Is (4 + -2)*452 + q a composite number?
False
Suppose 2*q = 3*z + 3, -3*z = 2*q - 0*q - 9. Let f be (6/2)/(q/2). Suppose -5*d = f*s - 451, d = 2*s + 8 + 87. Is d a prime number?
False
Let o(f) = 1038*f**2 + 9*f + 2. Is o(3) a prime number?
True
Suppose -5*j + 1259 = m, -j - 2518 = -14*m + 12*m. Is m prime?
True
Let q = 1838 - 45. Is q prime?
False
Suppose -d - 8*d + 473517 = 0. Is d prime?
False
Let t = 130 + -63. Let c = 101 - t. Is c a prime number?
False
Suppose -2*t = 3*p - 58347, 5*p - 6*p - 5*t + 19436 = 0. Is p a composite number?
True
Suppose -86*b + 1533 = -83*b. Is b prime?
False
Let u = 18 + -16. Let t be 1 - 3/(9/(-2082)). Suppose -t = -3*k + u*k. Is k prime?
False
Let o(g) = -2*g**3 + 4*g**2 + 7*g**3 + g + g**3 + 10*g**3. Let a be o(-3). Let d = a - -866. Is d a composite number?
False
Let i(n) be the third derivative of 6*n**5/5 + n**4/4 - 5*n**3/6 + 23*n**2. Is i(-8) composite?
True
Is ((-1647268)/12)/((-21)/9) prime?
True
Suppose 7228 - 28553 = -25*q. Is q a composite number?
False
Let p(z) = 18*z**3 + 2*z**2 - 2. Let s be p(3). Let m = 444 + -432. Suppose s = 2*y - m. Is y composite?
False
Suppose -5*y = 3*q - 10489, -4*y + 2293 = q - 1194. Is q a prime number?
False
Suppose -3*o + 45096 = -3897. Is o a prime number?
False
Let w = 1715 - -186. Is w a prime number?
True
Suppose 3*z = 3*t - 2*t + 8, 8 = -4*t. Let a = 3131 + -1746. Suppose o = z*o - a. Is o a composite number?
True
Let v(g) = -126*g + 1. Suppose -3*h = x - 29, 4*x = -5*h - 0 + 60. Suppose 2*d + h = -2*d. Is v(d) a composite number?
True
Let u = -670 + 995. Suppose -315 = -4*s + u. Suppose -s - 50 = -6*w. Is w a prime number?
False
Let p(z) = -5*z - 1. Let r be p(-1). Is (-49 + (r - 4))*-1 a composite number?
True
Is (35294/(-28))/(1/(-2)) prime?
True
Let p = 280 - 401. Suppose -6*j = -j + f - 936, 3*j = -5*f + 544. Let d = p + j. Is d a prime number?
True
Let o(b) = 708*b - 97. Is o(2) a prime number?
True
Let g(c) = 418*c**2 - 17*c. Is g(3) prime?
False
Let j(a) = 11*a + 9. Let t be j(13). Let i = t - -169. Is i prime?
False
Let y = 3424 + -1958. Is y a composite number?
True
Suppose 4*c - 230 = 31038. Is c a composite number?
False
Suppose -l - 4*w = -142, 695 = 5*l + 5*w - 0*w. Suppose -u + 659 = l. Is u a prime number?
True
Let z be 2/4*2 + 1. Suppose -5*a + 34 + 399 = 3*q, z*a = 10. Let b = q - -55. Is b composite?
False
Let q(y) = -62*y**3 + 2*y**2 + 7*y + 13. Let d be q(-4). Suppose 3*p = 8*p - d. Is p a prime number?
True
Suppose -3*s - 5 = 5*q, -2*s - 3*q = -3*s + 3. Suppose -5*b + s*b = -50. Is (-18)/(-45) - (-616)/b composite?
True
Is 1172/6*(-9)/90*-15 prime?
True
Let y be 8/4 + (263 - 0). Suppose -x + 4*q + q = -90, -q - y = -4*x. Suppose -m + 6*m = x. Is m a composite number?
False
Let a(n) = 72*n + 31. Is a(45) prime?
True
Let x = 12 - 12. Suppose -6*a + 20893 - 2593 = x. Suppose -4*i + a = -1602. Is i composite?
False
Let r = 1629 - 677. Suppose -3*o - r = -3*l - 334, -2*l + 4*o = -402. Is l prime?
True
Let m(p) = p**2 - 9*p - 2. Let x(f) = -f**2 + 10*f + 2. Let a(o) = -3*m(o) - 2*x(o). Let v be a(7). Suppose -v*t + 95 = 3*t. Is t a prime number?
True
Suppose -6 = -4*s - 3*b, -5*s = -s - 5*b + 10. Suppose 127 = 8*m + 87. Suppose -5*c = -5*d + 1062 + 438, -m*d - 5*c + 1550 = s. Is d a prime number?
False
Let t(l) = -l**3 + 10*l**2 + 2*l - 11. Let g be t(10). Suppose 0 = -y + 39 + g. Suppose y = 5*x - 407. Is x prime?
False
Suppose -4*p - 12108 = -4*z, 3*z + 2*p - 15135 = -2*z. Is z a composite number?
True
Suppose -4*p = 7*c - 3*c - 55180, -5*c + 4*p = -69011. Is c composite?
False
Let c(p) = -p + 9. Suppose -5*r + 3*m = 4*m - 34, 0 = -2*m - 2. Let n be (-14)/r*5/2. Is c(n) composite?
True
Suppose -10*y + 7*y = -252. Let j = 361 + y. Is j a composite number?
True
Let i(r) = -r - 1. Let p be i(-3). Suppose -5*j - p*b - b + 2045 = 0, -5*b = j - 409. Is j composite?
False
Suppose -2*k + 11 = 9. Let n(w) = -6*w + 1. Let u be n(k). Is (-4)/(-20) + (-2394)/u a composite number?
False
Suppose -25*v + 30*v = -5. Let p(j) = 19*j**2 - 1 + 1. Is p(v) composite?
False
Is (-3 - (-9035 + -4)) + -7 a composite number?
False
Let v be (-2)/((-2)/(-41) + 0). Let c = v - -24. Let h = 70 + c. Is h composite?
False
Suppos